**2 - l + 33. Determine t(h).
2
Let v(x) = -4*x**2 + 7*x - 3. Let a(q) = -9*q**2 + 14*q - 5. Let o(j) = j**2 - 10*j + 13. Let b be o(8). Let c(l) = b*a(l) + 7*v(l). Calculate c(6).
0
Let v(b) = -b**2 + b - 4. Suppose -z - 6 = -3*z. Let s = 3 - z. Let i be s/(-4) + 0/2. What is v(i)?
-4
Let n(l) = 6 - 6*l**2 + 9*l**2 - 4*l**2 + 2*l**2 - 11. Calculate n(3).
4
Let k(c) be the second derivative of -c**4/12 - c**3 + c**2 + c. Suppose 3*q + 3*a = a - 27, 40 = -4*q - 4*a. Determine k(q).
-5
Let x(q) = -2*q**2 + 3*q - 5*q + 4*q - 3*q. Let g(a) = -2*a - 1. Let f be g(0). What is x(f)?
-1
Let z(u) = -19*u + 77. Let j(f) = 9*f - 39. Let b(i) = -9*j(i) - 4*z(i). Calculate b(8).
3
Let j(v) = v**2 + 39*v - 40. Let i be j(1). Let a(l) be the second derivative of 0*l**2 + 4*l + i + 2/3*l**3 + 1/6*l**4. What is a(-3)?
6
Let g(m) = 2*m - 6. Let w(l) = l**3 + 6*l**2 + 4*l + 1. Suppose -24 - 24 = 4*v. Let y = 7 + v. Let z be w(y). Give g(z).
6
Let w(x) = 5*x**2 + 9 - x**2 + x - 3*x**2. Let m = 105 - 105. Suppose m = -96*o + 99*o. What is w(o)?
9
Let j(v) = v**2 + 2*v - 2. Suppose -16*r = -21*r - 30. Let h(s) = -s**3 - 7*s**2 - 7*s - 4. Let y be h(r). Give j(y).
6
Let h(l) be the second derivative of l**5/20 + l**4/6 - l**3/3 - l**2 - 98*l. Let k(j) = -4*j + 10*j + 6 - 2*j**3 + j**3 - 3*j**2. Let p be k(-4). Give h(p).
2
Let q(f) = -6*f + 3 - 1 - 1. Let r be 45/20 + (-5)/20 + 0. What is q(r)?
-11
Let z(j) = -j**2 - 5*j**2 - 2*j + 7*j + j**3. Suppose i = 2 + 2. Give z(i).
-12
Let i(a) = -a**2 - 11*a - 11. Let d be i(-9). Suppose -5*y = -3*j + 27, 2*j - d*j = -20. Let c = y + -2. Let b(w) = -w**2 - 7*w - 5. Determine b(c).
5
Let f = -73 + 31. Let v be (-1)/((-32)/f - 3/7). Let m(i) = i**2 + i - 8. Let w(g) = -g**2 - g + 7. Let s(x) = 4*m(x) + 5*w(x). Give s(v).
-3
Suppose c + 2*c + 6 = 0. Let p(u) = 30 - 59 + 26 + 8*u - 16*u. Give p(c).
13
Let h be (-10)/15 + 250/6 + -2. Let y = 40 - h. Let x(c) = 7*c**3 - 1. Determine x(y).
6
Let d(q) = q**2 + 3*q - 12. Let l(r) = -3*r**2 - 6*r + 24. Let y(x) = 5*d(x) + 2*l(x). Let p(a) be the first derivative of y(a). Determine p(5).
-7
Let a(n) = 7*n - 1. Suppose 0 = 3*v - 27 + 6. Let p = v - 5. Calculate a(p).
13
Suppose -3*g + 282 = 3*a + a, -g - 67 = -a. Suppose -75*h + 18 = -a*h. Let t(y) = -2*y + 2*y**2 + 2*y**2 + 0*y - y**3. Calculate t(h).
3
Let t(u) = -u**2 - 4*u + 19. Let p be ((-12)/(-14))/((216/(-126))/12). Determine t(p).
7
Let o(f) = 3*f**2 - 4*f - 1. Let i be o(3). Let p(w) = 24*w**3 - 10*w**2 + 2*w - 25*w**3 + 1 + i. Give p(-10).
-5
Let q(y) = y**3 - 2*y**2. Let i be q(2). Let h(a) = i*a + 1 - 4 + a. Let t(w) = -w**2 - 5*w - 2. Let c be t(-3). Determine h(c).
1
Let b(s) = -6*s**2 + 15 - 3 - 8*s - 8 + s**3. Determine b(7).
-3
Let x(l) = -16*l + 47. Let r(d) = -10*d + 24. Let w(b) = -5*r(b) + 3*x(b). Determine w(-13).
-5
Let h = -44 + 51. Let t(l) = 2*l - 8. Determine t(h).
6
Let t be (14 + -4)*(-1 + 2/4). Let y(h) = -h**3 - 6*h**2 - 3*h + 11. What is y(t)?
1
Suppose -4 = p - 4*w, -7*p + w - 20 = -2*p. Let s(h) = -9*h + 17. Let y be s(-7). Let u(n) = -81*n**2 + 5 + y*n**2 - 3*n + n. Calculate u(p).
-3
Let x(c) be the second derivative of 13*c**3/2 - c**2/2 + 4*c + 7. Give x(-1).
-40
Let x(m) = m**2 - 4*m - 1. Let a be 0 - 1/(3/66). Let z be ((-11)/a)/(2/16). Give x(z).
-1
Let w(k) = k**3 + 4*k**2 + 7*k - 3. Let j(x) = 3*x**3 + 13*x**2 + 21*x - 8. Let q(i) = 4*j(i) - 11*w(i). Determine q(-7).
1
Let a be (0/2)/(3 + (1 - 2)). Let i(d) = -d**2 - d + 5. What is i(a)?
5
Let v(j) be the first derivative of 3*j**5/40 + j**4/24 + 4*j**3/3 - 11. Let k(g) be the third derivative of v(g). Let l = -5 + 4. Calculate k(l).
-8
Let r(i) = 6 + 0*i - 3*i + 6*i. Suppose -874*f = -828*f + 276. Calculate r(f).
-12
Let c(f) = f**3 + 7*f**2 + 6*f + 7. Suppose -20*o + 39 = 139. Determine c(o).
27
Suppose 2*l - 7 = 1. Suppose 20 = l*i - i - 2*a, -2*a = i - 4. Let u(b) = -4*b + 20. Let c be u(i). Let m(d) = d**2 + 4*d + 1. What is m(c)?
1
Let b(x) be the third derivative of x**6/120 - x**5/15 + x**4/12 + 3*x**2 - 61*x. Calculate b(2).
-4
Let x(m) = m**3 - 3*m**2 - m + 2. Let w be -7 + -6*25/(-15). Calculate x(w).
-1
Let j(i) = i**3 + 2*i**2 + 1. Let o(v) = -33*v**3 + 6*v**2 + 4. Let r(w) = 3*j(w) - o(w). Determine r(1).
35
Let n = -6 + 7. Let z(k) = n + 2 - 6 + 0 + 2*k. What is z(-4)?
-11
Let k(m) = -1 + 7*m**2 - 8 + m**3 + 6*m + 8. Calculate k(-6).
-1
Let k(i) = 0 + 3*i + 4*i**2 + 3 + 3 - 3*i**2. Suppose -y - 6 = m, 3*m - 6 = 4*y - 2*m. Give k(y).
10
Let v(i) = i**3 - 6*i**2 + 2*i - 5. Let t be v(5). Let k = -17 - t. Let b(h) = h + 10. Let m(y) = -y - 11. Let r(q) = k*b(q) + 2*m(q). What is r(0)?
8
Let r(s) be the third derivative of s**8/6720 - s**7/504 + s**6/720 + s**5/30 + 3*s**4/4 + 25*s**2. Let c(v) be the second derivative of r(v). Determine c(4).
-8
Let m(u) = u**2 + 6. Let y be m(0). Let r(w) = 3*w**3 - 26*w**2 - 2*w - 19. Let f(s) = -s**3 + 9*s**2 + s + 6. Let b(v) = -8*f(v) - 3*r(v). Calculate b(y).
-3
Let v(n) = -n**2 + 7*n - 10. Let y(d) = -d**2 + 2*d + 19. Let o be y(5). Calculate v(o).
2
Let c = 11 - -4. Let m be 9/c*1 + (-2)/(-5). Let d(y) be the third derivative of -y**5/10 + y**2. Calculate d(m).
-6
Let g(p) = -p**3 - 4*p**2 - 2*p - 4. Suppose 2*c + 32 = 24. What is g(c)?
4
Suppose -l - 5 = 2*l + 5*v, 3*l - 1 = v. Let o(t) = -7*t - 7. Let a(h) = 9*h + 6. Let b(w) = 4*a(w) + 5*o(w). Determine b(l).
-11
Let g(z) = z - 2. Let x(p) = -4*p**3 - p**2 - 3*p - 1. Let o = -25 - -23. Let k be x(o). Suppose 2 = 2*v, 3*v - k = 2*c - 7*c. Determine g(c).
4
Suppose -2*r + 4 = -20. Suppose -2*m + 15 = -3*p - r, 3*m - 38 = 4*p. Let u(w) = -w**2 + 4 + 4*w - m - 5*w + 4. Calculate u(0).
2
Let b(w) = 12*w**2 + 3 - w**3 - 8*w**2 + 88*w - 90*w. Let j = -2 + 3. Let x be j/((-7)/4 - -2). Determine b(x).
-5
Let f(z) = z - 1. Let k be (1 + -3 - -4) + 0. Suppose i = 2*j - 5, 5*i + k = 2*j + i. Give f(j).
2
Let i = 3 - 0. Suppose -4*x = -5*u - 5, x + i*x = -3*u + 29. Let b(v) = -1 - u + 4 + 3 + 2*v + 2*v**2 + v**3. Calculate b(-2).
-1
Let q(k) = -k**3 + 8*k**2 - 13*k + 12. Let j be q(6). Let x(r) = -r**3 + 6*r**2 + 6. Determine x(j).
6
Suppose -5*b + 5 = n, 2*n + 2*n - 20 = -b. Let h(d) = 4*d + 0 - 2 + 1 + 3*d. Let l(w) = 3*w - 1. Let x(u) = n*l(u) - 2*h(u). What is x(3)?
0
Let k(a) = a**2 + 10*a + 7. Suppose 0 = 9*y - 21 + 57. Calculate k(y).
-17
Let z(n) = -9*n + 20. Let r(g) = 3*g - 10. Let y(t) = 5*r(t) + 2*z(t). Calculate y(0).
-10
Let x(o) = -o**2 - 6*o + 3. Let p be x(-7). Let n(h) = -63 - 5*h + 66 - 295*h**2 + 293*h**2. Determine n(p).
-9
Let f(l) be the first derivative of -l**4/4 + 3*l**3 + 6*l**2 - 14*l - 651. Determine f(10).
6
Let p(m) = -m**2 - 7*m + 7. Let h(f) = 2*f**2 + 14*f - 15. Suppose -20*c + 22*c - 10 = 0. Let r(g) = c*p(g) + 2*h(g). What is r(-7)?
5
Suppose -9*y + 3*y = 5*y. Let j(m) = -m**2 + 1. Determine j(y).
1
Let t(m) be the first derivative of -m**2 - 8*m - 16. Give t(-7).
6
Let b(u) = -7 - 16 + 53*u - u**3 - 109*u + 55*u. What is b(0)?
-23
Suppose g = -4*g. Let v be (g - -3) + 1/1. Suppose 0 = 2*m + 2*h - 10, m + 3*h = v - 1. Let c(y) = y**3 - 7*y**2 + 5*y + 3. Calculate c(m).
-3
Suppose -h = -40*h - 351. Let l(o) = o**3 + 7*o**2 - 17*o - 2. Calculate l(h).
-11
Let v(l) be the third derivative of 3*l**5/20 + l**4/24 - 14*l**2 + 2. Give v(1).
10
Let t(h) = -h**2 - 9*h - 9. Let q(s) = -s**2 + 3*s - 9. Let n be q(4). Let a = 7 + n. Give t(a).
9
Let z(f) be the third derivative of -f**6/120 + f**5/5 - 11*f**4/24 + f**3/6 + f**2 + 36*f. Determine z(11).
1
Suppose -x + k - 4 - 3 = 0, -4*k = 3*x + 14. Let t(y) be the first derivative of y**2 + 2*y + 3. Give t(x).
-10
Let s(p) = p**3 + 5*p**2 + 3*p + 1. Let y = -10 + 19. Let d = y + -9. Suppose d = 3*t - 0 + 12. Give s(t).
5
Let l(y) = 3*y**2 - 1355 - 2*y**2 + 681 + 2*y + 678. What is l(4)?
28
Let t(z) be the first derivative of -z**5/120 - 5*z**4/12 + 2*z**3 + 10. Let h(r) be the third derivative of t(r). What is h(0)?
-10
Let o(y) = y**3 - 5*y**2 + 4*y + 4. Suppose -3 = 3*w - 51. Suppose -3*d - d + w = 0. Calculate o(d).
4
Let c(a) = a**2 - a - 16. Let z(f) = 2*f + 1. Let i(s) = -c(s) - z(s). Determine i(-5).
-5
Let t(v) = 124*v - 471. Let x be t(4). Let l(q) = q**2 - 22*q - 77. What is l(x)?
-2
Let f(r) be the first derivative of -r**6/120 + r**5/10 + r**4/24 + 5*r**3/6 +